{"id":6,"date":"2018-07-16T19:28:16","date_gmt":"2018-07-16T19:28:16","guid":{"rendered":"https:\/\/www.endoclin.com.br\/site\/?page_id=6"},"modified":"2024-07-07T22:19:52","modified_gmt":"2024-07-08T01:19:52","slug":"home","status":"publish","type":"page","link":"https:\/\/www.endoclin.com.br\/site\/","title":{"rendered":"Home"},"content":{"rendered":"<div class=\"advanced-slider\" id=\"slider-pro-1\" tabindex=\"0\" style=\"width: px; height: px;\">\n\t<div class=\"slides\">\n\t\t<div class=\"slide\" >\n\t\t\t<img decoding=\"async\" class=\"image\" src=\"https:\/\/www.endoclin.com.br\/site\/wp-content\/uploads\/2024\/07\/1.jpg\" alt=\"\"\/>\n\t\t\t<img decoding=\"async\" class=\"thumbnail\" src=\"https:\/\/www.endoclin.com.br\/site\/wp-content\/plugins\/slider-pro\/includes\/timthumb\/timthumb.php?q=95&amp;w=80&amp;h=50&amp;a=c&amp;zc=1&amp;src=https:\/\/www.endoclin.com.br\/site\/wp-content\/uploads\/2024\/07\/1.jpg\" alt=\"\"\/>\n\t\t<\/div>\n\t\t<div class=\"slide\" >\n\t\t\t<img decoding=\"async\" class=\"image\" src=\"https:\/\/www.endoclin.com.br\/site\/wp-content\/uploads\/2024\/07\/2.jpg\" alt=\"\"\/>\n\t\t\t<img decoding=\"async\" class=\"thumbnail\" src=\"https:\/\/www.endoclin.com.br\/site\/wp-content\/plugins\/slider-pro\/includes\/timthumb\/timthumb.php?q=95&amp;w=80&amp;h=50&amp;a=c&amp;zc=1&amp;src=https:\/\/www.endoclin.com.br\/site\/wp-content\/uploads\/2024\/07\/2.jpg\" alt=\"\"\/>\n\t\t<\/div>\n\t\t<div class=\"slide\" >\n\t\t\t<img decoding=\"async\" class=\"image\" src=\"https:\/\/www.endoclin.com.br\/site\/wp-content\/uploads\/2024\/07\/3.jpg\" alt=\"\"\/>\n\t\t\t<img decoding=\"async\" class=\"thumbnail\" src=\"https:\/\/www.endoclin.com.br\/site\/wp-content\/plugins\/slider-pro\/includes\/timthumb\/timthumb.php?q=95&amp;w=80&amp;h=50&amp;a=c&amp;zc=1&amp;src=https:\/\/www.endoclin.com.br\/site\/wp-content\/uploads\/2024\/07\/3.jpg\" alt=\"\"\/>\n\t\t<\/div>\n\t<\/div>\n<\/div>\n\n\n<div style=\"display: none;\">\n<p>tecnologia endosc\u00f3pica passo fundo colonoscopia passo fundo, exame em passo fundo, c\u00e1psula endosc\u00f3pica, Passo Fundo RS, c\u00e1psula endosc\u00f3pica e tecnologia endosc\u00f3pica endoscopia digestiva alta passo fundo<\/p>\n<h1>c\u00e1psula endosc\u00f3pica em Passo Fundo,\u00a0exame passo fundo, colonoscopia passo fundo,<\/h1>\n<h2>c\u00e1psula endosc\u00f3pica em passo fundo, tecnologia endosc\u00f3pica passo fundo e regi\u00e3o, colonoscopia passo fundo em passo fundo, c\u00e1psula endosc\u00f3pica venda exame tecnologia endosc\u00f3pica endoscopia digestiva alta passo fundo, tecnologia endosc\u00f3pica em passo fundo rs, c\u00e1psula endosc\u00f3pica, para passo fundo e regi\u00e3o, c\u00e1psula endosc\u00f3pica para passo fundo e regi\u00e3o\u00a0tecnologia endosc\u00f3pica endoscopia digestiva alta tecnologia endosc\u00f3pica endoscopia digestiva alta passo fundo de c\u00e1psula endosc\u00f3pica em passo fundo, tecnologia endosc\u00f3pica passo fundo e regi\u00e3o, colonoscopia passo fundo em passo fundo, c\u00e1psula endosc\u00f3pica venda exame tecnologia endosc\u00f3pica endoscopia digestiva alta passo fundo, tecnologia endosc\u00f3pica em passo fundo rs, c\u00e1psula endosc\u00f3pica,<a title=\"tecnologia endosc\u00f3pica endoscopia digestiva alta tecnologia endosc\u00f3pica endoscopia digestiva alta passo fundo de c\u00e1psula endosc\u00f3pica em passo fundo, tecnologia endosc\u00f3pica passo fundo e regi\u00e3o, colonoscopia passo fundo em passo fundo, c\u00e1psula endosc\u00f3pica venda exame tecnologia endosc\u00f3pica endoscopia digestiva alta passo fundo, tecnologia endosc\u00f3pica em passo fundo rs, c\u00e1psula endosc\u00f3pica, para passo fundo e regi\u00e3o, c\u00e1psula endosc\u00f3pica para passo fundo e regi\u00e3o\" href=\"https:\/\/www.endoclin.com.br\">para passo fundo e regi\u00e3o, c\u00e1psula endosc\u00f3pica para passo fundo e regi\u00e3o\u00a0tecnologia endosc\u00f3pica endoscopia digestiva alta tecnologia endosc\u00f3pica endoscopia digestiva alta passo fundo de c\u00e1psula endosc\u00f3pica em passo fundo, tecnologia endosc\u00f3pica passo fundo e regi\u00e3o, colonoscopia passo fundo em passo fundo, c\u00e1psula endosc\u00f3pica venda exame tecnologia endosc\u00f3pica endoscopia digestiva alta passo fundo, tecnologia endosc\u00f3pica em passo fundo rs, c\u00e1psula endosc\u00f3pica<\/a>, para passo fundo e regi\u00e3o, c\u00e1psula endosc\u00f3pica para passo fundo e regi\u00e3o\u00a0tecnologia endosc\u00f3pica endoscopia digestiva alta tecnologia endosc\u00f3pica endoscopia digestiva alta passo fundo de c\u00e1psula endosc\u00f3pica em passo fundo, tecnologia endosc\u00f3pica passo fundo e regi\u00e3o, colonoscopia passo fundo em passo fundo, c\u00e1psula endosc\u00f3pica venda exame tecnologia endosc\u00f3pica endoscopia digestiva alta passo fundo, tecnologia endosc\u00f3pica em passo fundo rs, c\u00e1psula endosc\u00f3pica, para passo fundo e regi\u00e3o, c\u00e1psula endosc\u00f3pica para passo fundo e regi\u00e3o\u00a0tecnologia endosc\u00f3pica endoscopia digestiva alta tecnologia endosc\u00f3pica endoscopia digestiva alta passo fundo de c\u00e1psula endosc\u00f3pica em passo fundo, tecnologia endosc\u00f3pica passo fundo e regi\u00e3o, colonoscopia passo fundo em passo fundo, c\u00e1psula endosc\u00f3pica venda exame tecnologia endosc\u00f3pica endoscopia digestiva alta passo fundo, tecnologia endosc\u00f3pica em passo fundo rs, c\u00e1psula endosc\u00f3pica, para passo fundo e regi\u00e3o,<a title=\"tecnologia endosc\u00f3pica endoscopia digestiva alta tecnologia endosc\u00f3pica endoscopia digestiva alta passo fundo de c\u00e1psula endosc\u00f3pica em passo fundo, tecnologia endosc\u00f3pica passo fundo e regi\u00e3o, colonoscopia passo fundo em passo fundo, c\u00e1psula endosc\u00f3pica venda exame tecnologia endosc\u00f3pica endoscopia digestiva alta passo fundo, tecnologia endosc\u00f3pica em passo fundo rs, c\u00e1psula endosc\u00f3pica, para passo fundo e regi\u00e3o, c\u00e1psula endosc\u00f3pica para passo fundo e regi\u00e3o\" href=\"https:\/\/www.endoclin.com.br\/site\">c\u00e1psula endosc\u00f3pica para passo fundo e regi\u00e3o\u00a0tecnologia endosc\u00f3pica endoscopia digestiva alta tecnologia endosc\u00f3pica endoscopia digestiva alta passo fundo de c\u00e1psula endosc\u00f3pica em passo fundo, tecnologia endosc\u00f3pica passo fundo e regi\u00e3o, cria\u00e7\u00e3o de sit<\/a>es em passo fundo, c\u00e1psula endosc\u00f3pica venda exame tecnologia endosc\u00f3pica endoscopia digestiva alta passo fundo, tecnologia endosc\u00f3pica em passo fundo rs, c\u00e1psula endosc\u00f3pica, para passo fundo e regi\u00e3o, c\u00e1psula endosc\u00f3pica para passo fundo e regi\u00e3o<\/h2>\n<div id=\"attachment_747\" style=\"width: 353px\" class=\"wp-caption aligncenter\"><a href=\"https:\/\/www.endoclin.com.br\/site\/wp-content\/uploads\/2013\/06\/per\u00edcia-m\u00e9dica-passo-fundo-rs.jpg\"><img decoding=\"async\" aria-describedby=\"caption-attachment-747\" class=\"size-full wp-image-747 \" title=\"tecnologia endosc\u00f3pica endoscopia digestiva alta tecnologia endosc\u00f3pica endoscopia digestiva alta passo fundo de c\u00e1psula endosc\u00f3pica em Passo Fundo\" src=\"https:\/\/www.endoclin.com.br\/site\/wp-content\/uploads\/2013\/06\/per\u00edcia-m\u00e9dica-passo-fundo-rs.jpg\" alt=\"tecnologia endosc\u00f3pica endoscopia digestiva alta tecnologia endosc\u00f3pica endoscopia digestiva alta passo fundo de c\u00e1psula endosc\u00f3pica em Passo Fundo\" width=\"343\" height=\"300\" loading=\"lazy\" \/><\/a><p id=\"caption-attachment-747\" class=\"wp-caption-text\">tecnologia endosc\u00f3pica endoscopia digestiva alta tecnologia endosc\u00f3pica endoscopia digestiva alta passo fundo de c\u00e1psula endosc\u00f3pica em Passo Fundo<\/p><\/div>\n<\/div>\n","protected":false},"excerpt":{"rendered":"<p>tecnologia endosc\u00f3pica passo fundo colonoscopia passo fundo, exame em passo fundo, c\u00e1psula endosc\u00f3pica, Passo Fundo RS, c\u00e1psula endosc\u00f3pica e tecnologia endosc\u00f3pica endoscopia digestiva alta passo fundo c\u00e1psula endosc\u00f3pica em Passo Fundo,\u00a0exame passo fundo, colonoscopia passo fundo, c\u00e1psula endosc\u00f3pica em passo fundo, tecnologia endosc\u00f3pica passo fundo e regi\u00e3o, colonoscopia passo fundo em passo fundo, c\u00e1psula endosc\u00f3pica [&hellip;]<\/p>\n","protected":false},"author":1,"featured_media":0,"parent":0,"menu_order":6,"comment_status":"closed","ping_status":"closed","template":"template-inicio.php","meta":{"footnotes":""},"_links":{"self":[{"href":"https:\/\/www.endoclin.com.br\/site\/wp-json\/wp\/v2\/pages\/6"}],"collection":[{"href":"https:\/\/www.endoclin.com.br\/site\/wp-json\/wp\/v2\/pages"}],"about":[{"href":"https:\/\/www.endoclin.com.br\/site\/wp-json\/wp\/v2\/types\/page"}],"author":[{"embeddable":true,"href":"https:\/\/www.endoclin.com.br\/site\/wp-json\/wp\/v2\/users\/1"}],"replies":[{"embeddable":true,"href":"https:\/\/www.endoclin.com.br\/site\/wp-json\/wp\/v2\/comments?post=6"}],"version-history":[{"count":6,"href":"https:\/\/www.endoclin.com.br\/site\/wp-json\/wp\/v2\/pages\/6\/revisions"}],"predecessor-version":[{"id":134,"href":"https:\/\/www.endoclin.com.br\/site\/wp-json\/wp\/v2\/pages\/6\/revisions\/134"}],"wp:attachment":[{"href":"https:\/\/www.endoclin.com.br\/site\/wp-json\/wp\/v2\/media?parent=6"}],"curies":[{"name":"wp","href":"https:\/\/api.w.org\/{rel}","templated":true}]}}